{"id":4563,"date":"2020-04-06T14:56:37","date_gmt":"2020-04-06T12:56:37","guid":{"rendered":"https:\/\/www.friedenskirche.de\/?page_id=4563"},"modified":"2026-01-10T12:40:52","modified_gmt":"2026-01-10T11:40:52","slug":"spende","status":"publish","type":"page","link":"https:\/\/www.friedenskirche.de\/index.php\/spende\/","title":{"rendered":"Spende"},"content":{"rendered":"<div id=\"spende\" class=\"fusion-container-anchor\"><div class=\"fusion-fullwidth fullwidth-box fusion-builder-row-1 has-pattern-background has-mask-background nonhundred-percent-fullwidth non-hundred-percent-height-scrolling\" style=\"--awb-background-position:left top;--awb-border-sizes-top:0px;--awb-border-sizes-bottom:0px;--awb-border-sizes-left:0px;--awb-border-sizes-right:0px;--awb-border-radius-top-left:0px;--awb-border-radius-top-right:0px;--awb-border-radius-bottom-right:0px;--awb-border-radius-bottom-left:0px;--awb-padding-top:20px;--awb-padding-bottom:20px;--awb-background-color:#ffffff;--awb-flex-wrap:wrap;\" ><div class=\"fusion-builder-row fusion-row\"><div class=\"fusion-layout-column fusion_builder_column fusion-builder-column-0 fusion_builder_column_1_5 1_5 fusion-one-fifth fusion-column-first\" style=\"--awb-bg-blend:overlay;--awb-bg-size:cover;width:16.8%; margin-right: 4%;\"><div class=\"fusion-column-wrapper fusion-flex-column-wrapper-legacy\"><div class=\"fusion-sep-clear\"><\/div><div class=\"fusion-separator fusion-full-width-sep\" style=\"margin-left: auto;margin-right: auto;width:100%;\"><\/div><div class=\"fusion-sep-clear\"><\/div><div class=\"fusion-clearfix\"><\/div><\/div><\/div><div class=\"fusion-layout-column fusion_builder_column fusion-builder-column-1 fusion_builder_column_3_5 3_5 fusion-three-fifth\" style=\"--awb-padding-top:15px;--awb-padding-right:15px;--awb-padding-bottom:15px;--awb-padding-left:15px;--awb-bg-blend:overlay;--awb-bg-size:cover;width:58.4%; margin-right: 4%;\"><div class=\"fusion-column-wrapper fusion-flex-column-wrapper-legacy\"><div class=\"fusion-text fusion-text-1\" style=\"--awb-text-transform:none;\"><p><span style=\"color: #ffffff;\"><strong style=\"color: #070707;\">Der Mensch lebt nicht vom Brot allein &#8230;<\/strong><\/span><\/p>\n<p><span style=\"color: #070707;\">Auch wir leben von freiwilligem Engagement, Kollekten und Spenden unserer Kirchenmitglieder und Freunde sowie der Gnade unseres Gottes. Unsere Kirche erhebt keine Kirchensteuern oder Mitgliedsbeitr\u00e4ge, weshalb wir uns \u00fcber jede Art der Unterst\u00fctzung und Mitarbeit freuen.<\/span><\/p>\n<p><span style=\"color: #070707;\">Wenn Sie uns speziell aufgrund des Brandes und den damit verbundenen Neubau unterst\u00fctzen wollen geben Sie bitte im Verwendungszweck \u201cNeubau\u201c an.<\/span><\/p>\n<p><span style=\"color: #070707;\">Gerne stellen wir \u00fcber Ihre Spende eine Spendenbescheinigung aus. Hierf\u00fcr ben\u00f6tigen wir Name und Adresse im Verwendungszweck.<\/span><\/p>\n<\/div><div class=\"fusion-clearfix\"><\/div><\/div><\/div><div class=\"fusion-layout-column fusion_builder_column fusion-builder-column-2 fusion_builder_column_1_5 1_5 fusion-one-fifth fusion-column-last\" style=\"--awb-bg-blend:overlay;--awb-bg-size:cover;width:16.8%;\"><div class=\"fusion-column-wrapper fusion-flex-column-wrapper-legacy\"><div class=\"fusion-sep-clear\"><\/div><div class=\"fusion-separator fusion-full-width-sep\" style=\"margin-left: auto;margin-right: auto;width:100%;\"><\/div><div class=\"fusion-sep-clear\"><\/div><div class=\"fusion-clearfix\"><\/div><\/div><\/div><div class=\"fusion-layout-column fusion_builder_column fusion-builder-column-3 fusion_builder_column_1_3 1_3 fusion-one-third fusion-column-first\" style=\"--awb-bg-size:cover;width:33.3333333333%;width:calc(33.3333333333% - ( ( 4% + 4% ) * 0.333333333333 ) );margin-right: 4%;\"><div class=\"fusion-column-wrapper fusion-column-has-shadow fusion-flex-column-wrapper-legacy\"><div class=\"fusion-clearfix\"><\/div><\/div><\/div><div class=\"fusion-layout-column fusion_builder_column fusion-builder-column-4 fusion_builder_column_1_3 1_3 fusion-one-third\" style=\"--awb-bg-size:cover;width:33.3333333333%;width:calc(33.3333333333% - ( ( 4% + 4% ) * 0.333333333333 ) );margin-right: 4%;\"><div class=\"fusion-column-wrapper fusion-column-has-shadow fusion-flex-column-wrapper-legacy\"><div class=\"fusion-text fusion-text-2\"><h3><b>Spendenkonten: <\/b><\/h3>\n<p><b>Evangelisch-Freikirchliche Gemeinde Singen<\/b><\/p>\n<p><b>Freikirche.Bank. eG<\/b><\/p>\n<p><span style=\"text-align: var(--awb-content-alignment);\"><\/span><\/p>\n<p style=\"padding-left: 0px;\">IBAN: DE93 5009 2100 0000 0797 07<\/p>\n<\/p>\n<p><span style=\"text-align: var(--awb-content-alignment);\"><\/span><\/p>\n<p style=\"padding-left: 0px;\">BIC: GENODE51BH2<\/p>\n<\/p>\n<p>oder<\/p>\n<\/p>\n<p><b>Sparkasse Hegau-Bodensee<\/b><\/p>\n<p style=\"padding-left: 0px;\">IBAN: DE71 6925 0035 0003 0359 12<\/p>\n<p style=\"padding-left: 0px;\">BIC:  SOLADES1SNG<\/p>\n<p><span style=\"font-family: var(--awb-text-font-family); font-size: var(--awb-font-size); font-style: var(--awb-text-font-style); letter-spacing: var(--awb-letter-spacing); text-align: var(--awb-content-alignment); text-transform: var(--awb-text-transform);\"> <\/span><\/p>\n<\/div><div class=\"fusion-text fusion-text-3\"><p><span style=\"color: #ffffff;\"><strong>Spende \u00fcber Paypal\/Kreditkarte<\/strong><\/span><\/p>\n<\/div><form action=\"https:\/\/www.paypal.com\/cgi-bin\/webscr\" method=\"post\" target=\"_blank\">\n<input type=\"hidden\" name=\"cmd\" value=\"_s-xclick\" \/>\n<input type=\"hidden\" name=\"hosted_button_id\" value=\"EF5NEXE6QMTR6\" \/>\n<input type=\"image\" src=\"https:\/\/www.friedenskirche.de\/wp-content\/uploads\/2023\/02\/btn_donateCC_LG.gif\" border=\"0\" name=\"submit\" title=\"PayPal - The safer, easier way to pay online!\" alt=\"Spenden mit dem PayPal-Button\" \/>\n<img class=\"lazyload\" decoding=\"async\" alt=\"\" border=\"0\" src=\"data:image\/svg+xml,%3Csvg%20xmlns%3D%27http%3A%2F%2Fwww.w3.org%2F2000%2Fsvg%27%20width%3D%271%27%20height%3D%271%27%20viewBox%3D%270%200%201%201%27%3E%3Crect%20width%3D%271%27%20height%3D%271%27%20fill-opacity%3D%220%22%2F%3E%3C%2Fsvg%3E\" data-orig-src=\"https:\/\/www.friedenskirche.de\/wp-content\/uploads\/2023\/02\/btn_donateCC_LG.gif\" width=\"1\" height=\"1\" \/>\n<\/form><div class=\"fusion-clearfix\"><\/div><\/div><\/div><div class=\"fusion-layout-column fusion_builder_column fusion-builder-column-5 fusion_builder_column_1_3 1_3 fusion-one-third fusion-column-last\" style=\"--awb-bg-size:cover;width:33.3333333333%;width:calc(33.3333333333% - ( ( 4% + 4% ) * 0.333333333333 ) );\"><div class=\"fusion-column-wrapper fusion-column-has-shadow fusion-flex-column-wrapper-legacy\"><div class=\"fusion-clearfix\"><\/div><\/div><\/div><\/div><\/div><\/div>\n","protected":false},"excerpt":{"rendered":"","protected":false},"author":4,"featured_media":0,"parent":0,"menu_order":0,"comment_status":"closed","ping_status":"closed","template":"","meta":{"footnotes":""},"class_list":["post-4563","page","type-page","status-publish","hentry"],"_links":{"self":[{"href":"https:\/\/www.friedenskirche.de\/index.php\/wp-json\/wp\/v2\/pages\/4563","targetHints":{"allow":["GET"]}}],"collection":[{"href":"https:\/\/www.friedenskirche.de\/index.php\/wp-json\/wp\/v2\/pages"}],"about":[{"href":"https:\/\/www.friedenskirche.de\/index.php\/wp-json\/wp\/v2\/types\/page"}],"author":[{"embeddable":true,"href":"https:\/\/www.friedenskirche.de\/index.php\/wp-json\/wp\/v2\/users\/4"}],"replies":[{"embeddable":true,"href":"https:\/\/www.friedenskirche.de\/index.php\/wp-json\/wp\/v2\/comments?post=4563"}],"version-history":[{"count":30,"href":"https:\/\/www.friedenskirche.de\/index.php\/wp-json\/wp\/v2\/pages\/4563\/revisions"}],"predecessor-version":[{"id":6543,"href":"https:\/\/www.friedenskirche.de\/index.php\/wp-json\/wp\/v2\/pages\/4563\/revisions\/6543"}],"wp:attachment":[{"href":"https:\/\/www.friedenskirche.de\/index.php\/wp-json\/wp\/v2\/media?parent=4563"}],"curies":[{"name":"wp","href":"https:\/\/api.w.org\/{rel}","templated":true}]}}