{"id":4427,"date":"2020-03-25T14:45:55","date_gmt":"2020-03-25T13:45:55","guid":{"rendered":"https:\/\/www.friedenskirche.de\/?page_id=4427"},"modified":"2021-01-25T07:25:05","modified_gmt":"2021-01-25T06:25:05","slug":"virtuelles-gemeindezentrum","status":"publish","type":"page","link":"https:\/\/www.friedenskirche.de\/index.php\/virtuelles-gemeindezentrum\/","title":{"rendered":"Virtuelles Gemeindezentrum"},"content":{"rendered":"<div class=\"fusion-fullwidth fullwidth-box fusion-builder-row-1 nonhundred-percent-fullwidth non-hundred-percent-height-scrolling\" style=\"--awb-border-radius-top-left:0px;--awb-border-radius-top-right:0px;--awb-border-radius-bottom-right:0px;--awb-border-radius-bottom-left:0px;--awb-flex-wrap:wrap;\" ><div class=\"fusion-builder-row fusion-row\"><div class=\"fusion-layout-column fusion_builder_column fusion-builder-column-0 fusion_builder_column_1_1 1_1 fusion-one-full fusion-column-first fusion-column-last\" style=\"--awb-bg-size:cover;\"><div class=\"fusion-column-wrapper fusion-flex-column-wrapper-legacy\"><div class=\"fusion-text fusion-text-1\"><p style=\"text-align: center;\"><span style=\"color: #000000;\">Mit dem <a href=\"https:\/\/miteinander.ak-internet.de\/konferenz\/?join=bcbc1b41cb2cef1abe1effcf5c0dd845\"><strong>Klick auf das Logo<\/strong><\/a> <a href=\"https:\/\/miteinander.ak-internet.de\/konferenz\/?join=bcbc1b41cb2cef1abe1effcf5c0dd845\">&#8222;virtuelle Friedenskirche&#8220;<\/a> wirst du zu unserem virtuellen Gemeindezentrum weitergeleitet.<\/span><\/p>\n<p style=\"text-align: center;\">\u00c4NDERUNG: Das <a href=\"https:\/\/miteinander.ak-internet.de\/konferenz\/?join=bcbc1b41cb2cef1abe1effcf5c0dd845\">virtuelle Gemeindezentrum wird \u00fcber BigBlueButton<\/a> realisiert. <a href=\"https:\/\/us02web.zoom.us\/j\/9788284940\">Zoom<\/a> steht noch als Alternative zur Verf\u00fcgung (siehe unten)<\/p>\n<p style=\"text-align: center;\"><span style=\"color: #000000;\">Wir wollen die M\u00f6glichkeit schaffen uns auch in der Corona-Krise zu sehen und zu begegnen. Macht einfach eine Uhrzeit aus und trefft euch hier. Gerne k\u00f6nnen auch dir regelm\u00e4\u00dfigen Gruppen hier stattfinden. Sofern n\u00f6tig, k\u00f6nnen weitere R\u00e4ume erstellt werden, da die Plattform momentan nur f\u00fcr ca. 20 Teilnehmer ausgelegt ist. Sollte ein weiterer\/separater Raum ben\u00f6tig werden, melde dich bitte bei Maximilian Stroscher.<\/span><\/p>\n<p style=\"text-align: center;\">Sofern zu viele technische Probleme auftauchen, weicht doch auf unseren <a href=\"https:\/\/us02web.zoom.us\/j\/9788284940\">Zoom-Raum<\/a> aus.<\/p>\n<p style=\"text-align: center;\"><a href=\"https:\/\/miteinander.ak-internet.de\/konferenz\/?join=bcbc1b41cb2cef1abe1effcf5c0dd845\" target=\"_blank\" rel=\"noopener noreferrer\"><img decoding=\"async\" class=\"lazyload alignnone wp-image-4428 size-medium\" src=\"https:\/\/www.friedenskirche.de\/wp-content\/uploads\/2020\/03\/Virtuelle-FK_Logo-300x154.jpg\" data-orig-src=\"https:\/\/www.friedenskirche.de\/wp-content\/uploads\/2020\/03\/Virtuelle-FK_Logo-300x154.jpg\" alt=\"Link ins Virtuelle Gemeindezentrum\" width=\"300\" height=\"154\" srcset=\"data:image\/svg+xml,%3Csvg%20xmlns%3D%27http%3A%2F%2Fwww.w3.org%2F2000%2Fsvg%27%20width%3D%27300%27%20height%3D%27154%27%20viewBox%3D%270%200%20300%20154%27%3E%3Crect%20width%3D%27300%27%20height%3D%27154%27%20fill-opacity%3D%220%22%2F%3E%3C%2Fsvg%3E\" data-srcset=\"https:\/\/www.friedenskirche.de\/wp-content\/uploads\/2020\/03\/Virtuelle-FK_Logo-200x103.jpg 200w, https:\/\/www.friedenskirche.de\/wp-content\/uploads\/2020\/03\/Virtuelle-FK_Logo-300x154.jpg 300w, https:\/\/www.friedenskirche.de\/wp-content\/uploads\/2020\/03\/Virtuelle-FK_Logo-400x205.jpg 400w, https:\/\/www.friedenskirche.de\/wp-content\/uploads\/2020\/03\/Virtuelle-FK_Logo-600x308.jpg 600w, https:\/\/www.friedenskirche.de\/wp-content\/uploads\/2020\/03\/Virtuelle-FK_Logo.jpg 699w\" data-sizes=\"auto\" data-orig-sizes=\"(max-width: 300px) 100vw, 300px\" \/><\/a><\/p>\n<p><strong><span style=\"color: #000000;\">Das Passwort lautet: 922047<\/span><\/strong><\/p>\n<p><span style=\"color: #000000;\">Sofern kein PC mit Kamera und Mikrofon zur Verf\u00fcgung steht kannst du dich <strong>auch telefonisch<\/strong> einw\u00e4hlen:<\/span><\/p>\n<p>Telefonnummer: 0201\/5605213-2<br \/>\nTelefon-PIN: 52-639<\/p>\n<p><span style=\"color: #000000;\">Das virtuelle Gemeindezentrum\u00a0ist direkt aus dem Browser (Chrome oder Firefox wird empfohlen) lauff\u00e4hig.\u00a0<\/span><\/p>\n<\/div><div class=\"fusion-sep-clear\"><\/div><div class=\"fusion-separator fusion-full-width-sep\" style=\"margin-left: auto;margin-right: auto;width:100%;\"><div class=\"fusion-separator-border sep-double\" style=\"--awb-height:20px;--awb-amount:20px;border-color:#e0dede;border-top-width:1px;border-bottom-width:1px;\"><\/div><\/div><div class=\"fusion-sep-clear\"><\/div><div class=\"fusion-clearfix\"><\/div><\/div><\/div><div class=\"fusion-layout-column fusion_builder_column fusion-builder-column-1 fusion_builder_column_1_1 1_1 fusion-one-full fusion-column-first fusion-column-last\" style=\"--awb-bg-size:cover;\"><div class=\"fusion-column-wrapper fusion-flex-column-wrapper-legacy\"><div class=\"fusion-text fusion-text-2\"><p style=\"text-align: left;\"><span style=\"color: #000000;\">Alternativ zu &#8222;BigBlueButton&#8220; k\u00f6nnt ihr unseren Zoom-Raum nutzen. Dieser ist nicht mit dem obigen Raum vernetzt.<\/span><\/p>\n<p style=\"text-align: left;\"><span style=\"color: #000000;\"><a href=\"https:\/\/us02web.zoom.us\/j\/9788284940\" target=\"_blank\" rel=\"noopener noreferrer\"><img decoding=\"async\" class=\"lazyload alignnone size-full wp-image-4452\" src=\"https:\/\/www.friedenskirche.de\/wp-content\/uploads\/2020\/03\/ZoomLogo.png\" data-orig-src=\"https:\/\/www.friedenskirche.de\/wp-content\/uploads\/2020\/03\/ZoomLogo.png\" alt=\"\" width=\"220\" height=\"50\" srcset=\"data:image\/svg+xml,%3Csvg%20xmlns%3D%27http%3A%2F%2Fwww.w3.org%2F2000%2Fsvg%27%20width%3D%27220%27%20height%3D%2750%27%20viewBox%3D%270%200%20220%2050%27%3E%3Crect%20width%3D%27220%27%20height%3D%2750%27%20fill-opacity%3D%220%22%2F%3E%3C%2Fsvg%3E\" data-srcset=\"https:\/\/www.friedenskirche.de\/wp-content\/uploads\/2020\/03\/ZoomLogo-200x45.png 200w, https:\/\/www.friedenskirche.de\/wp-content\/uploads\/2020\/03\/ZoomLogo.png 220w\" data-sizes=\"auto\" data-orig-sizes=\"(max-width: 220px) 100vw, 220px\" \/><\/a><\/span><\/p>\n<p style=\"text-align: left;\"><span style=\"color: #000000;\">\u00a0(Nach Klick auf das Logo m\u00fcsste die Software automatisch geladen werden)<\/span><\/p>\n<p><strong><span style=\"color: #000000;\">Die Meeting-ID: 978-828-4940<\/span><\/strong><\/p>\n<p><strong><span style=\"color: #000000;\">Das Passwort lautet: 123456<\/span><\/strong><\/p>\n<p><span style=\"color: #000000;\">Sofern kein PC mit Kamera und Mikrofon zur Verf\u00fcgung steht kannst du dich <strong>auch telefonisch<\/strong> einw\u00e4hlen:<\/span><\/p>\n<p><span style=\"color: #000000;\">Schnelleinwahl\u00a0<\/span><br \/>\n<span style=\"color: #000000;\">+49 (0)3056795800 Danach folgende Kombination eingeben: 9788284940# Nach Aufforderung nochmals die # dr\u00fccken.\u00a0<\/span><\/p>\n<p><span style=\"color: #000000;\">oder\u00a0<\/span><br \/>\n<span style=\"color: #000000;\">+49 (0)6950502596 Danach folgende Kombination eingeben: 9788284940# Nach Aufforderung nochmals die # dr\u00fccken.\u00a0<\/span><\/p>\n<p style=\"text-align: left;\"><span style=\"color: #000000;\">Ansonsten kann hier\u00fcber die App installiert werden:<\/span><\/p>\n<p style=\"text-align: left;\"><span style=\"color: #000000;\"><a style=\"color: #000000;\" href=\"https:\/\/play.google.com\/store\/apps\/details?id=us.zoom.videomeetings&amp;hl=de\" target=\"_blank\" rel=\"noopener noreferrer\"><img decoding=\"async\" class=\"lazyload alignnone size-full wp-image-4449\" src=\"data:image\/svg+xml,%3Csvg%20xmlns%3D%27http%3A%2F%2Fwww.w3.org%2F2000%2Fsvg%27%20width%3D%27200%27%20height%3D%2772%27%20viewBox%3D%270%200%20200%2072%27%3E%3Crect%20width%3D%27200%27%20height%3D%2772%27%20fill-opacity%3D%220%22%2F%3E%3C%2Fsvg%3E\" data-orig-src=\"https:\/\/www.friedenskirche.de\/wp-content\/uploads\/2020\/03\/GooglePlay.png\" alt=\"\" width=\"200\" height=\"72\" \/><\/a><\/span><\/p>\n<p style=\"text-align: left;\"><span style=\"color: #000000;\"><a style=\"color: #000000;\" href=\"https:\/\/apps.apple.com\/us\/app\/zoom-cloud-meetings\/id546505307\" target=\"_blank\" rel=\"noopener noreferrer\"><img decoding=\"async\" class=\"lazyload alignnone size-full wp-image-4448\" src=\"data:image\/svg+xml,%3Csvg%20xmlns%3D%27http%3A%2F%2Fwww.w3.org%2F2000%2Fsvg%27%20width%3D%27200%27%20height%3D%2772%27%20viewBox%3D%270%200%20200%2072%27%3E%3Crect%20width%3D%27200%27%20height%3D%2772%27%20fill-opacity%3D%220%22%2F%3E%3C%2Fsvg%3E\" data-orig-src=\"https:\/\/www.friedenskirche.de\/wp-content\/uploads\/2020\/03\/AppStore.png\" alt=\"\" width=\"200\" height=\"72\" \/><\/a><\/span><\/p>\n<p style=\"text-align: left;\"><span style=\"color: #000000;\">Computer: <a style=\"color: #000000;\" href=\"https:\/\/zoom.us\/support\/download\" target=\"_blank\" rel=\"noopener noreferrer\">https:\/\/zoom.us\/support\/download<\/a><\/span><\/p>\n<\/div><div class=\"fusion-text fusion-text-3\"><p style=\"text-align: left;\"><strong><span style=\"color: #000000;\">Technische Voraussetzungen\/ Tipps:<\/span><\/strong><\/p>\n<ul>\n<li style=\"text-align: left;\"><span style=\"color: #000000;\">Nach Erfahrungswerten ist f\u00fcr eine gute Bildqualit\u00e4t das Smartphone\/Tablet zu bevorzugen.<\/span><\/li>\n<li><span style=\"color: #000000;\">Mikrofon f\u00fcr die Audio\u00fcbertragung (Headset\/Kopfh\u00f6rer sind empfehlenswert wegen R\u00fcckkopplungsgefahr\/Echo)<\/span><\/li>\n<\/ul>\n<ul style=\"text-align: center;\">\n<li style=\"text-align: left;\"><span style=\"color: #000000;\">Falls gew\u00fcnscht: Webcam f\u00fcr die Video\u00fcbertragung<\/span><\/li>\n<\/ul>\n<\/div><div class=\"fusion-sep-clear\"><\/div><div class=\"fusion-separator fusion-full-width-sep\" style=\"margin-left: auto;margin-right: auto;width:100%;\"><div class=\"fusion-separator-border sep-double\" style=\"--awb-height:20px;--awb-amount:20px;border-color:#e0dede;border-top-width:1px;border-bottom-width:1px;\"><\/div><\/div><div class=\"fusion-sep-clear\"><\/div><div class=\"fusion-sep-clear\"><\/div><div class=\"fusion-separator fusion-full-width-sep\" style=\"margin-left: auto;margin-right: auto;width:100%;\"><div class=\"fusion-separator-border sep-double\" style=\"--awb-height:20px;--awb-amount:20px;border-color:#e0dede;border-top-width:1px;border-bottom-width:1px;\"><\/div><\/div><div class=\"fusion-sep-clear\"><\/div><div class=\"fusion-clearfix\"><\/div><\/div><\/div><div class=\"fusion-layout-column fusion_builder_column fusion-builder-column-2 fusion_builder_column_1_1 1_1 fusion-one-full fusion-column-first fusion-column-last\" style=\"--awb-bg-size:cover;\"><div class=\"fusion-column-wrapper fusion-flex-column-wrapper-legacy\"><div class=\"fusion-clearfix\"><\/div><\/div><\/div><\/div><\/div>\n","protected":false},"excerpt":{"rendered":"","protected":false},"author":4,"featured_media":0,"parent":0,"menu_order":0,"comment_status":"closed","ping_status":"closed","template":"","meta":{"footnotes":""},"class_list":["post-4427","page","type-page","status-publish","hentry"],"_links":{"self":[{"href":"https:\/\/www.friedenskirche.de\/index.php\/wp-json\/wp\/v2\/pages\/4427","targetHints":{"allow":["GET"]}}],"collection":[{"href":"https:\/\/www.friedenskirche.de\/index.php\/wp-json\/wp\/v2\/pages"}],"about":[{"href":"https:\/\/www.friedenskirche.de\/index.php\/wp-json\/wp\/v2\/types\/page"}],"author":[{"embeddable":true,"href":"https:\/\/www.friedenskirche.de\/index.php\/wp-json\/wp\/v2\/users\/4"}],"replies":[{"embeddable":true,"href":"https:\/\/www.friedenskirche.de\/index.php\/wp-json\/wp\/v2\/comments?post=4427"}],"version-history":[{"count":31,"href":"https:\/\/www.friedenskirche.de\/index.php\/wp-json\/wp\/v2\/pages\/4427\/revisions"}],"predecessor-version":[{"id":5223,"href":"https:\/\/www.friedenskirche.de\/index.php\/wp-json\/wp\/v2\/pages\/4427\/revisions\/5223"}],"wp:attachment":[{"href":"https:\/\/www.friedenskirche.de\/index.php\/wp-json\/wp\/v2\/media?parent=4427"}],"curies":[{"name":"wp","href":"https:\/\/api.w.org\/{rel}","templated":true}]}}

<div class="fusion-fullwidth fullwidth-box fusion-builder-row-1 nonhundred-percent-fullwidth non-hundred-percent-height-scrolling" style="--awb-border-radius-top-left:0px;--awb-border-radius-top-right:0px;--awb-border-radius-bottom-right:0px;--awb-border-radius-bottom-left:0px;--awb-flex-wrap:wrap;" ><div class="fusion-builder-row fusion-row"><div class="fusion-layout-column fusion_builder_column fusion-builder-column-0 fusion_builder_column_1_1 1_1 fusion-one-full fusion-column-first fusion-column-last" style="--awb-bg-size:cover;"><div class="fusion-column-wrapper fusion-flex-column-wrapper-legacy"><div class="fusion-text fusion-text-1"><p style="text-align: center;"><span style="color: #000000;">Mit dem <a href="https://miteinander.ak-internet.de/konferenz/?join=bcbc1b41cb2cef1abe1effcf5c0dd845"><strong>Klick auf das Logo</strong></a> <a href="https://miteinander.ak-internet.de/konferenz/?join=bcbc1b41cb2cef1abe1effcf5c0dd845">&#8222;virtuelle Friedenskirche&#8220;</a> wirst du zu unserem virtuellen Gemeindezentrum weitergeleitet.</span></p>
<p style="text-align: center;">ÄNDERUNG: Das <a href="https://miteinander.ak-internet.de/konferenz/?join=bcbc1b41cb2cef1abe1effcf5c0dd845">virtuelle Gemeindezentrum wird über BigBlueButton</a> realisiert. <a href="https://us02web.zoom.us/j/9788284940">Zoom</a> steht noch als Alternative zur Verfügung (siehe unten)</p>
<p style="text-align: center;"><span style="color: #000000;">Wir wollen die Möglichkeit schaffen uns auch in der Corona-Krise zu sehen und zu begegnen. Macht einfach eine Uhrzeit aus und trefft euch hier. Gerne können auch dir regelmäßigen Gruppen hier stattfinden. Sofern nötig, können weitere Räume erstellt werden, da die Plattform momentan nur für ca. 20 Teilnehmer ausgelegt ist. Sollte ein weiterer/separater Raum benötig werden, melde dich bitte bei Maximilian Stroscher.</span></p>
<p style="text-align: center;">Sofern zu viele technische Probleme auftauchen, weicht doch auf unseren <a href="https://us02web.zoom.us/j/9788284940">Zoom-Raum</a> aus.</p>
<p style="text-align: center;"><a href="https://miteinander.ak-internet.de/konferenz/?join=bcbc1b41cb2cef1abe1effcf5c0dd845" target="_blank" rel="noopener noreferrer"><img decoding="async" class="lazyload alignnone wp-image-4428 size-medium" src="https://www.friedenskirche.de/wp-content/uploads/2020/03/Virtuelle-FK_Logo-300x154.jpg" data-orig-src="https://www.friedenskirche.de/wp-content/uploads/2020/03/Virtuelle-FK_Logo-300x154.jpg" alt="Link ins Virtuelle Gemeindezentrum" width="300" height="154" srcset="data:image/svg+xml,%3Csvg%20xmlns%3D%27http%3A%2F%2Fwww.w3.org%2F2000%2Fsvg%27%20width%3D%27300%27%20height%3D%27154%27%20viewBox%3D%270%200%20300%20154%27%3E%3Crect%20width%3D%27300%27%20height%3D%27154%27%20fill-opacity%3D%220%22%2F%3E%3C%2Fsvg%3E" data-srcset="https://www.friedenskirche.de/wp-content/uploads/2020/03/Virtuelle-FK_Logo-200x103.jpg 200w, https://www.friedenskirche.de/wp-content/uploads/2020/03/Virtuelle-FK_Logo-300x154.jpg 300w, https://www.friedenskirche.de/wp-content/uploads/2020/03/Virtuelle-FK_Logo-400x205.jpg 400w, https://www.friedenskirche.de/wp-content/uploads/2020/03/Virtuelle-FK_Logo-600x308.jpg 600w, https://www.friedenskirche.de/wp-content/uploads/2020/03/Virtuelle-FK_Logo.jpg 699w" data-sizes="auto" data-orig-sizes="(max-width: 300px) 100vw, 300px" /></a></p>
<p><strong><span style="color: #000000;">Das Passwort lautet: 922047</span></strong></p>
<p><span style="color: #000000;">Sofern kein PC mit Kamera und Mikrofon zur Verfügung steht kannst du dich <strong>auch telefonisch</strong> einwählen:</span></p>
<p>Telefonnummer: 0201/5605213-2<br />
Telefon-PIN: 52-639</p>
<p><span style="color: #000000;">Das virtuelle Gemeindezentrum ist direkt aus dem Browser (Chrome oder Firefox wird empfohlen) lauffähig. </span></p>
</div><div class="fusion-sep-clear"></div><div class="fusion-separator fusion-full-width-sep" style="margin-left: auto;margin-right: auto;width:100%;"><div class="fusion-separator-border sep-double" style="--awb-height:20px;--awb-amount:20px;border-color:#e0dede;border-top-width:1px;border-bottom-width:1px;"></div></div><div class="fusion-sep-clear"></div><div class="fusion-clearfix"></div></div></div><div class="fusion-layout-column fusion_builder_column fusion-builder-column-1 fusion_builder_column_1_1 1_1 fusion-one-full fusion-column-first fusion-column-last" style="--awb-bg-size:cover;"><div class="fusion-column-wrapper fusion-flex-column-wrapper-legacy"><div class="fusion-text fusion-text-2"><p style="text-align: left;"><span style="color: #000000;">Alternativ zu &#8222;BigBlueButton&#8220; könnt ihr unseren Zoom-Raum nutzen. Dieser ist nicht mit dem obigen Raum vernetzt.</span></p>
<p style="text-align: left;"><span style="color: #000000;"><a href="https://us02web.zoom.us/j/9788284940" target="_blank" rel="noopener noreferrer"><img decoding="async" class="lazyload alignnone size-full wp-image-4452" src="https://www.friedenskirche.de/wp-content/uploads/2020/03/ZoomLogo.png" data-orig-src="https://www.friedenskirche.de/wp-content/uploads/2020/03/ZoomLogo.png" alt="" width="220" height="50" srcset="data:image/svg+xml,%3Csvg%20xmlns%3D%27http%3A%2F%2Fwww.w3.org%2F2000%2Fsvg%27%20width%3D%27220%27%20height%3D%2750%27%20viewBox%3D%270%200%20220%2050%27%3E%3Crect%20width%3D%27220%27%20height%3D%2750%27%20fill-opacity%3D%220%22%2F%3E%3C%2Fsvg%3E" data-srcset="https://www.friedenskirche.de/wp-content/uploads/2020/03/ZoomLogo-200x45.png 200w, https://www.friedenskirche.de/wp-content/uploads/2020/03/ZoomLogo.png 220w" data-sizes="auto" data-orig-sizes="(max-width: 220px) 100vw, 220px" /></a></span></p>
<p style="text-align: left;"><span style="color: #000000;"> (Nach Klick auf das Logo müsste die Software automatisch geladen werden)</span></p>
<p><strong><span style="color: #000000;">Die Meeting-ID: 978-828-4940</span></strong></p>
<p><strong><span style="color: #000000;">Das Passwort lautet: 123456</span></strong></p>
<p><span style="color: #000000;">Sofern kein PC mit Kamera und Mikrofon zur Verfügung steht kannst du dich <strong>auch telefonisch</strong> einwählen:</span></p>
<p><span style="color: #000000;">Schnelleinwahl </span><br />
<span style="color: #000000;">+49 (0)3056795800 Danach folgende Kombination eingeben: 9788284940# Nach Aufforderung nochmals die # drücken. </span></p>
<p><span style="color: #000000;">oder </span><br />
<span style="color: #000000;">+49 (0)6950502596 Danach folgende Kombination eingeben: 9788284940# Nach Aufforderung nochmals die # drücken. </span></p>
<p style="text-align: left;"><span style="color: #000000;">Ansonsten kann hierüber die App installiert werden:</span></p>
<p style="text-align: left;"><span style="color: #000000;"><a style="color: #000000;" href="https://play.google.com/store/apps/details?id=us.zoom.videomeetings&amp;hl=de" target="_blank" rel="noopener noreferrer"><img decoding="async" class="lazyload alignnone size-full wp-image-4449" src="data:image/svg+xml,%3Csvg%20xmlns%3D%27http%3A%2F%2Fwww.w3.org%2F2000%2Fsvg%27%20width%3D%27200%27%20height%3D%2772%27%20viewBox%3D%270%200%20200%2072%27%3E%3Crect%20width%3D%27200%27%20height%3D%2772%27%20fill-opacity%3D%220%22%2F%3E%3C%2Fsvg%3E" data-orig-src="https://www.friedenskirche.de/wp-content/uploads/2020/03/GooglePlay.png" alt="" width="200" height="72" /></a></span></p>
<p style="text-align: left;"><span style="color: #000000;"><a style="color: #000000;" href="https://apps.apple.com/us/app/zoom-cloud-meetings/id546505307" target="_blank" rel="noopener noreferrer"><img decoding="async" class="lazyload alignnone size-full wp-image-4448" src="data:image/svg+xml,%3Csvg%20xmlns%3D%27http%3A%2F%2Fwww.w3.org%2F2000%2Fsvg%27%20width%3D%27200%27%20height%3D%2772%27%20viewBox%3D%270%200%20200%2072%27%3E%3Crect%20width%3D%27200%27%20height%3D%2772%27%20fill-opacity%3D%220%22%2F%3E%3C%2Fsvg%3E" data-orig-src="https://www.friedenskirche.de/wp-content/uploads/2020/03/AppStore.png" alt="" width="200" height="72" /></a></span></p>
<p style="text-align: left;"><span style="color: #000000;">Computer: <a style="color: #000000;" href="https://zoom.us/support/download" target="_blank" rel="noopener noreferrer">https://zoom.us/support/download</a></span></p>
</div><div class="fusion-text fusion-text-3"><p style="text-align: left;"><strong><span style="color: #000000;">Technische Voraussetzungen/ Tipps:</span></strong></p>
<ul>
<li style="text-align: left;"><span style="color: #000000;">Nach Erfahrungswerten ist für eine gute Bildqualität das Smartphone/Tablet zu bevorzugen.</span></li>
<li><span style="color: #000000;">Mikrofon für die Audioübertragung (Headset/Kopfhörer sind empfehlenswert wegen Rückkopplungsgefahr/Echo)</span></li>
</ul>
<ul style="text-align: center;">
<li style="text-align: left;"><span style="color: #000000;">Falls gewünscht: Webcam für die Videoübertragung</span></li>
</ul>
</div><div class="fusion-sep-clear"></div><div class="fusion-separator fusion-full-width-sep" style="margin-left: auto;margin-right: auto;width:100%;"><div class="fusion-separator-border sep-double" style="--awb-height:20px;--awb-amount:20px;border-color:#e0dede;border-top-width:1px;border-bottom-width:1px;"></div></div><div class="fusion-sep-clear"></div><div class="fusion-sep-clear"></div><div class="fusion-separator fusion-full-width-sep" style="margin-left: auto;margin-right: auto;width:100%;"><div class="fusion-separator-border sep-double" style="--awb-height:20px;--awb-amount:20px;border-color:#e0dede;border-top-width:1px;border-bottom-width:1px;"></div></div><div class="fusion-sep-clear"></div><div class="fusion-clearfix"></div></div></div><div class="fusion-layout-column fusion_builder_column fusion-builder-column-2 fusion_builder_column_1_1 1_1 fusion-one-full fusion-column-first fusion-column-last" style="--awb-bg-size:cover;"><div class="fusion-column-wrapper fusion-flex-column-wrapper-legacy"><div class="fusion-clearfix"></div></div></div></div></div>
