{"id":1466,"date":"2016-04-14T18:01:11","date_gmt":"2016-04-14T16:01:11","guid":{"rendered":"http:\/\/wp.friedenskirche.de\/?page_id=1466"},"modified":"2021-12-18T22:19:05","modified_gmt":"2021-12-18T21:19:05","slug":"maennertreff","status":"publish","type":"page","link":"https:\/\/www.friedenskirche.de\/index.php\/maennertreff\/","title":{"rendered":"Man(n) trifft sich"},"content":{"rendered":"<p><div class=\"fusion-fullwidth fullwidth-box fusion-builder-row-1 nonhundred-percent-fullwidth non-hundred-percent-height-scrolling\" style=\"--awb-background-position:left top;--awb-border-sizes-top:0px;--awb-border-sizes-bottom:0px;--awb-border-sizes-left:0px;--awb-border-sizes-right:0px;--awb-border-radius-top-left:0px;--awb-border-radius-top-right:0px;--awb-border-radius-bottom-right:0px;--awb-border-radius-bottom-left:0px;--awb-padding-top:90px;--awb-padding-right:15%;--awb-padding-bottom:90px;--awb-padding-left:15%;--awb-flex-wrap:wrap;\" ><div class=\"fusion-builder-row fusion-row\"><div class=\"fusion-layout-column fusion_builder_column fusion-builder-column-0 fusion_builder_column_1_1 1_1 fusion-one-full fusion-column-first fusion-column-last fusion-column-no-min-height\" style=\"--awb-bg-size:cover;\"><div class=\"fusion-column-wrapper fusion-flex-column-wrapper-legacy\"><div class=\"fusion-text fusion-text-1\"><h1><strong>Die Treffen finden bis auf weiteres nicht statt!<\/strong><\/h1>\n<h2><\/h2>\n<h2 style=\"text-align: center;\">Ein Treffen von M\u00e4nnern aus unterschiedlichen<br \/>\nfamili\u00e4ren und beruflichen Hintergr\u00fcnden und Alter.<\/h2>\n<p><b>Dennoch haben wir alle was gemeinsam:<\/b>\u00a0Wir wollen mehr. Mehr verstehen \u00fcber uns selbst, mehr Verstehen \u00fcber den anderen. Wir wollen aber auch Ruhe und einen Ort, wo jeder von uns Mann sein lernen kann. Nicht so, wie MANN landl\u00e4ufig oft definiert wird als starker und unersch\u00fctterlicher Eroberer. Nein, sondern als ein Mann, der sich aufmacht, sein Herz zu finden und auch Schw\u00e4che zeigen kann.<\/p>\n<p>Wir wissen, dass das ein hoher Anspruch ist, der nicht leicht zu erreichen ist. Mal gelingt es, mal nicht. Aber genau deshalb haben wir uns auf den Weg gemacht, zu lernen, sich auch als Mann zu \u00f6ffnen. Dies geschieht naturgem\u00e4\u00df nicht automatisch. Anhand von vorgegebenen Themen versuchen wir in einem gem\u00fctlichen Rahmen an unseren Abenden miteinander ins Gespr\u00e4ch zu kommen. Wir reden miteinander, manchmal auch \u00fcber unsere Gef\u00fchle. Dabei spielt es keine Rolle, was wir beruflich so machen, ob wir private Erfolge aufzuweisen haben und was wir sonst noch zu bieten haben. Wir wollen uns f\u00fcreinander interessieren, so wie wir sind.<\/p>\n<p>Ungef\u00e4hr 10 M\u00e4nner geh\u00f6ren dieser Gruppe an. Aktive Gemeindemitglieder genauso wie M\u00e4nner mit loser bis gar keiner Beziehung zu unserer Gemeinde.<\/p>\n<p><a href=\"http:\/\/wp.friedenskirche.de\/wp-content\/uploads\/2017\/01\/MTS-www.jpg\"><img decoding=\"async\" class=\"lazyload size-medium wp-image-2127 alignleft\" src=\"http:\/\/wp.friedenskirche.de\/wp-content\/uploads\/2017\/01\/MTS-www-300x200.jpg\" data-orig-src=\"http:\/\/wp.friedenskirche.de\/wp-content\/uploads\/2017\/01\/MTS-www-300x200.jpg\" alt=\"\" width=\"300\" height=\"200\" srcset=\"data:image\/svg+xml,%3Csvg%20xmlns%3D%27http%3A%2F%2Fwww.w3.org%2F2000%2Fsvg%27%20width%3D%27300%27%20height%3D%27200%27%20viewBox%3D%270%200%20300%20200%27%3E%3Crect%20width%3D%27300%27%20height%3D%27200%27%20fill-opacity%3D%220%22%2F%3E%3C%2Fsvg%3E\" data-srcset=\"https:\/\/www.friedenskirche.de\/wp-content\/uploads\/2017\/01\/MTS-www-300x200.jpg 300w, https:\/\/www.friedenskirche.de\/wp-content\/uploads\/2017\/01\/MTS-www-768x512.jpg 768w, https:\/\/www.friedenskirche.de\/wp-content\/uploads\/2017\/01\/MTS-www-1024x683.jpg 1024w, https:\/\/www.friedenskirche.de\/wp-content\/uploads\/2017\/01\/MTS-www.jpg 5184w\" data-sizes=\"auto\" data-orig-sizes=\"(max-width: 300px) 100vw, 300px\" \/><\/a><\/p>\n<p>Um Offenheit zu erlangen, ben\u00f6tigen wir Kontinuit\u00e4t und die vertrauliche Wahrung der Gruppengrenzen. Eine Gruppe mit dieser Auspr\u00e4gung k\u00f6nnte sich bei allzu h\u00e4ufigem Wechsel in der Besetzung nur sehr schwer entwickeln.<\/p>\n<p>Interessierte bitten wir, ganz offen auf uns zuzukommen und laden ein, bereit zu sein, sich auf uns und sich selbst einzulassen.<\/p>\n<p>Es gr\u00fc\u00dfen Euch,<br \/>\ndie M\u00e4nner unter der Leitung von Ulrich Bildmann\u00a0und Josef Dobutowitsch<\/p>\n<\/div><div class=\"fusion-clearfix\"><\/div><\/div><\/div><\/div><\/div><div class=\"fusion-fullwidth fullwidth-box fusion-builder-row-2 hundred-percent-fullwidth non-hundred-percent-height-scrolling fusion-equal-height-columns\" style=\"--awb-background-position:left top;--awb-border-sizes-top:0px;--awb-border-sizes-bottom:0px;--awb-border-sizes-left:0px;--awb-border-sizes-right:0px;--awb-border-radius-top-left:0px;--awb-border-radius-top-right:0px;--awb-border-radius-bottom-right:0px;--awb-border-radius-bottom-left:0px;--awb-padding-top:0px;--awb-padding-right:0px;--awb-padding-bottom:0px;--awb-padding-left:0px;--awb-flex-wrap:wrap;\" ><div class=\"fusion-builder-row fusion-row\"><div class=\"fusion-layout-column fusion_builder_column fusion-builder-column-1 fusion_builder_column_1_2 1_2 fusion-one-half fusion-column-first\" style=\"--awb-padding-top:15%;--awb-padding-right:15%;--awb-padding-bottom:15%;--awb-padding-left:15%;--awb-bg-color:#ececec;--awb-bg-color-hover:#ececec;--awb-bg-size:cover;\"><div class=\"fusion-column-wrapper fusion-flex-column-wrapper-legacy\"><div class=\"fusion-column-content-centered\"><div class=\"fusion-column-content\"><div class=\"fusion-text fusion-text-2\"><p>Wir wollen mehr &#8230;<\/p>\n<p>Manchmal auch ein bi\u00dfchen dem Alltag entfliehen<br \/>\nund das Leben bewusst genie\u00dfen.<\/p>\n<\/div><div class=\"fusion-sep-clear\"><\/div><div class=\"fusion-separator fusion-full-width-sep\" style=\"margin-left: auto;margin-right: auto;margin-top:8px;margin-bottom:8px;width:100%;\"><\/div><div class=\"fusion-sep-clear\"><\/div><\/div><\/div><div class=\"fusion-clearfix\"><\/div><\/div><\/div><div class=\"fusion-layout-column fusion_builder_column fusion-builder-column-2 fusion_builder_column_1_2 1_2 fusion-one-half fusion-column-last\" style=\"--awb-padding-top:100px;--awb-padding-right:100px;--awb-padding-bottom:100px;--awb-padding-left:100px;--awb-bg-position:center center;--awb-bg-size:cover;\"><div class=\"fusion-column-wrapper lazyload fusion-flex-column-wrapper-legacy fusion-empty-column-bg-image fusion-column-has-bg-image\" data-bg-url=\"http:\/\/wp.friedenskirche.de\/wp-content\/uploads\/2016\/04\/IMG_4793SieghardUli-kor15x10.jpg\" data-bg=\"http:\/\/wp.friedenskirche.de\/wp-content\/uploads\/2016\/04\/IMG_4793SieghardUli-kor15x10.jpg\"><div class=\"fusion-column-content-centered\"><div class=\"fusion-column-content\"><img decoding=\"async\" class=\"fusion-empty-dims-img-placeholder fusion-no-large-visibility\" src=\"data:image\/gif;base64,R0lGODlhAQABAAAAACH5BAEKAAEALAAAAAABAAEAAAICTAEAOw==\"><\/div><\/div><div class=\"fusion-clearfix\"><\/div><\/div><\/div><\/div><\/div><div class=\"fusion-fullwidth fullwidth-box fusion-builder-row-3 nonhundred-percent-fullwidth non-hundred-percent-height-scrolling\" style=\"--awb-background-position:left top;--awb-border-sizes-top:0px;--awb-border-sizes-bottom:0px;--awb-border-sizes-left:0px;--awb-border-sizes-right:0px;--awb-border-radius-top-left:0px;--awb-border-radius-top-right:0px;--awb-border-radius-bottom-right:0px;--awb-border-radius-bottom-left:0px;--awb-padding-top:120px;--awb-padding-right:5%;--awb-padding-bottom:120px;--awb-padding-left:5%;--awb-background-color:#3e7ccc;--awb-flex-wrap:wrap;\" ><div class=\"fusion-builder-row fusion-row\"><div class=\"fusion-layout-column fusion_builder_column fusion-builder-column-3 fusion_builder_column_1_4 1_4 fusion-one-fourth fusion-column-first\" style=\"--awb-bg-size:cover;\"><div class=\"fusion-column-wrapper fusion-flex-column-wrapper-legacy\"><div class=\"fusion-sep-clear\"><\/div><div class=\"fusion-separator fusion-full-width-sep\" style=\"margin-left: auto;margin-right: auto;width:100%;\"><\/div><div class=\"fusion-sep-clear\"><\/div><div class=\"fusion-clearfix\"><\/div><\/div><\/div><div class=\"fusion-layout-column fusion_builder_column fusion-builder-column-4 fusion_builder_column_1_2 1_2 fusion-one-half\" style=\"--awb-bg-size:cover;\"><div class=\"fusion-column-wrapper fusion-flex-column-wrapper-legacy\"><div class=\"fusion-text fusion-text-3\"><h2 style=\"text-align: center;\"><span style=\"color: #ffffff;\">Noch Fragen?<\/span><\/h2>\n<p style=\"text-align: center;\"><span style=\"color: #ffffff; font-weight: 300;\">Sie w\u00fcrden gerne mehr \u00fcber eine Gruppe erfahren oder bei einer unserer Veranstaltungen dabei sein? Hinterlassen Sie uns Ihre Kontaktdaten und wir melden uns bei Ihnen!<\/span><\/p>\n<\/div><div class=\"fusion-clearfix\"><\/div><\/div><\/div><div class=\"fusion-layout-column fusion_builder_column fusion-builder-column-5 fusion_builder_column_1_4 1_4 fusion-one-fourth fusion-column-last\" style=\"--awb-bg-size:cover;\"><div class=\"fusion-column-wrapper fusion-flex-column-wrapper-legacy\"><div class=\"fusion-sep-clear\"><\/div><div class=\"fusion-separator fusion-full-width-sep\" style=\"margin-left: auto;margin-right: auto;width:100%;\"><\/div><div class=\"fusion-sep-clear\"><\/div><div class=\"fusion-clearfix\"><\/div><\/div><\/div><div class=\"fusion-layout-column fusion_builder_column fusion-builder-column-6 fusion_builder_column_1_1 1_1 fusion-one-full fusion-column-first fusion-column-last fusion-column-no-min-height\" style=\"--awb-bg-size:cover;\"><div class=\"fusion-column-wrapper fusion-flex-column-wrapper-legacy\"><div class=\"fusion-sep-clear\"><\/div><div class=\"fusion-separator fusion-full-width-sep\" style=\"margin-left: auto;margin-right: auto;margin-top:5px;margin-bottom:5px;width:100%;\"><\/div><div class=\"fusion-sep-clear\"><\/div><div class=\"fusion-align-block\"><a class=\"fusion-button button-flat fusion-button-default-size button-default fusion-button-default button-1 fusion-button-default-span fusion-button-default-type\" style=\"width:calc(100%);\" target=\"_self\" href=\"\/index.php\/kontakt\/\"><span class=\"fusion-button-text awb-button__text awb-button__text--default\">Kontaktiere uns<\/span><\/a><\/div><div class=\"fusion-clearfix\"><\/div><\/div><\/div><\/div><\/div><\/p>\n","protected":false},"excerpt":{"rendered":"","protected":false},"author":4,"featured_media":0,"parent":0,"menu_order":0,"comment_status":"closed","ping_status":"closed","template":"","meta":{"footnotes":""},"class_list":["post-1466","page","type-page","status-publish","hentry"],"_links":{"self":[{"href":"https:\/\/www.friedenskirche.de\/index.php\/wp-json\/wp\/v2\/pages\/1466","targetHints":{"allow":["GET"]}}],"collection":[{"href":"https:\/\/www.friedenskirche.de\/index.php\/wp-json\/wp\/v2\/pages"}],"about":[{"href":"https:\/\/www.friedenskirche.de\/index.php\/wp-json\/wp\/v2\/types\/page"}],"author":[{"embeddable":true,"href":"https:\/\/www.friedenskirche.de\/index.php\/wp-json\/wp\/v2\/users\/4"}],"replies":[{"embeddable":true,"href":"https:\/\/www.friedenskirche.de\/index.php\/wp-json\/wp\/v2\/comments?post=1466"}],"version-history":[{"count":19,"href":"https:\/\/www.friedenskirche.de\/index.php\/wp-json\/wp\/v2\/pages\/1466\/revisions"}],"predecessor-version":[{"id":5317,"href":"https:\/\/www.friedenskirche.de\/index.php\/wp-json\/wp\/v2\/pages\/1466\/revisions\/5317"}],"wp:attachment":[{"href":"https:\/\/www.friedenskirche.de\/index.php\/wp-json\/wp\/v2\/media?parent=1466"}],"curies":[{"name":"wp","href":"https:\/\/api.w.org\/{rel}","templated":true}]}}